ighest common factor of 7656 and 15114264.
264
What is the greatest common divisor of 43 and 451883861?
43
What is the highest common factor of 13 and 2005458?
13
Calculate the greatest common factor of 33344 and 297408.
64
What is the highest common divisor of 1060 and 753973548?
212
What is the highest common divisor of 1788372 and 11991?
1713
What is the highest common divisor of 55550 and 133430?
110
What is the highest common factor of 453475751 and 69?
23
Calculate the greatest common factor of 12865729 and 8983.
691
Calculate the highest common factor of 81604 and 30746968.
3548
Calculate the highest common divisor of 1374030 and 360.
90
What is the greatest common divisor of 3353787 and 212?
53
What is the greatest common factor of 702440621 and 19?
19
Calculate the highest common factor of 12 and 703769244.
12
Calculate the highest common divisor of 7803 and 3781854.
2601
What is the highest common factor of 363 and 14293224?
33
What is the greatest common divisor of 138 and 58992?
6
Calculate the highest common divisor of 17 and 38521915.
17
Calculate the greatest common divisor of 57671 and 493.
1
What is the greatest common factor of 93096 and 254983048?
3448
Calculate the highest common divisor of 85301238 and 123918.
6522
What is the greatest common divisor of 699718 and 1424?
178
What is the greatest common factor of 873578 and 295424?
1154
Calculate the highest common divisor of 37826355 and 651.
651
What is the greatest common divisor of 324 and 74568357?
81
Calculate the highest common factor of 7146 and 298774260.
7146
Calculate the greatest common divisor of 116144 and 18224.
272
What is the highest common factor of 10808828 and 960192?
6668
What is the highest common factor of 38257555 and 158560?
4955
Calculate the highest common factor of 1154160 and 4126080.
1680
What is the greatest common factor of 5 and 83560115?
5
Calculate the greatest common factor of 52 and 2760652.
4
Calculate the highest common factor of 488862 and 21978.
594
What is the highest common divisor of 37961 and 421631?
203
Calculate the greatest common factor of 2751904 and 128.
32
What is the greatest common factor of 5703980 and 20?
20
Calculate the greatest common factor of 1462188 and 11742.
618
Calculate the highest common factor of 55 and 29896691.
11
What is the greatest common factor of 89340 and 1214473070?
14890
What is the highest common factor of 30761 and 186713?
19
Calculate the greatest common factor of 128295 and 315.
45
Calculate the greatest common factor of 155157659 and 29309.
4187
What is the highest common factor of 1628988 and 3489918?
5394
What is the highest common divisor of 754 and 555594?
26
Calculate the greatest common factor of 724 and 950088548.
724
What is the highest common divisor of 579952 and 1712?
16
Calculate the highest common factor of 10612685 and 11245.
865
What is the greatest common divisor of 122739 and 645969?
489
What is the highest common factor of 346369773 and 2623?
2623
Calculate the highest common factor of 26411 and 2541.
77
What is the greatest common divisor of 4 and 2655326?
2
What is the highest common divisor of 95193 and 211113?
63
Calculate the greatest common factor of 37147 and 63283.
121
What is the highest common divisor of 404720821 and 2571?
857
What is the highest common factor of 922999 and 2926?
77
Calculate the greatest common divisor of 124 and 25501964.
124
What is the highest common factor of 1830231 and 18603?
117
What is the greatest common factor of 157794 and 11804?
26
Calculate the highest common factor of 845 and 238030.
65
What is the greatest common factor of 451348 and 24841172?
8516
Calculate the highest common divisor of 6855 and 3558659.
457
Calculate the highest common divisor of 7307880 and 2040.
120
Calculate the highest common factor of 263 and 520252924.
263
What is the greatest common divisor of 546768351 and 5106?
2553
What is the greatest common divisor of 1410 and 416571528?
282
Calculate the highest common factor of 40968240 and 720.
240
Calculate the greatest common divisor of 2991 and 34433389.
997
What is the highest common factor of 127355115 and 30?
15
What is the highest common divisor of 555 and 5720829?
111
What is the greatest common divisor of 4073690 and 610?
10
What is the greatest common factor of 1692 and 669240?
36
Calculate the highest common factor of 96 and 335221472.
32
What is the highest common divisor of 76532 and 32?
4
What is the greatest common divisor of 179924790 and 4547?
4547
Calculate the highest common factor of 11951582 and 54694.
1886
Calculate the greatest common factor of 30 and 9293982.
6
Calculate the greatest common factor of 184737 and 18333411.
1389
Calculate the greatest common divisor of 1954 and 177747564.
1954
Calculate the greatest common divisor of 135 and 8868960.
135
What is the highest common divisor of 710299284 and 3967?
3967
What is the greatest common divisor of 2076505050 and 10650?
10650
What is the greatest common factor of 2083020 and 11320?
20
What is the highest common divisor of 90468 and 4692?
12
Calculate the highest common factor of 380 and 16652740.
380
What is the highest common divisor of 1442007 and 106596?
2961
What is the greatest common factor of 7462 and 50893997?
287
What is the highest common factor of 35025528 and 888?
24
What is the greatest common factor of 2350 and 292550?
50
Calculate the greatest common divisor of 68701 and 24926.
103
What is the greatest common divisor of 42052498 and 47?
47
Calculate the greatest common divisor of 1788549 and 199479.
3381
What is the greatest common divisor of 341412 and 1690776?
276
Calculate the greatest common divisor of 93 and 895842.
3
Calculate the highest common factor of 1039274 and 69810.
358
What is the greatest common factor of 9 and 1343090979?
9
What is the highest common factor of 4255317 and 36?
9
Calculate the greatest common factor of 8948115 and 7920.
495
Calculate the greatest common divisor of 428 and 333156.
4
Calculate the highest common factor of 2557779 and 651.
651
Calculate the highest common divisor of 875512 and 440.
88
Calculate the highest common divisor of 91164 and 1219212.
852
What is the greatest common divisor of 321503 and 293239?
3533
Calculate the highest common divisor of 290481 and 6411.
3
Calculate the greatest common factor of 1339 and 93666037.
103
What is the highest common divisor of 17032396 and 522?
58
Calculate the greatest common factor of 315126 and 315.
63
What is the highest common divisor of 141814008 and 53?
53
What is the greatest common divisor of 2100 and 1089743550?
1050
What is the highest common divisor of 717750 and 3277?
29
What is the highest common divisor of 3753 and 4564323?
27
Calculate the greatest common factor of 133042 and 7697.
43
Calculate the highest common divisor of 1236 and 1598820.
12
What is the highest common divisor of 14620296 and 36?
12
What is the highest common divisor of 51305408 and 8613?
319
Calculate the greatest common factor of 291136 and 3178.
2
What is the greatest common factor of 980 and 2241940?
20
Calculate the greatest common divisor of 1029396 and 30084.
1308
What is the greatest common factor of 3 and 2549973?
3
Calculate the greatest common divisor of 72762 and 127434.
402
What is the greatest common factor of 76 and 444790?
38
Calculate the greatest common factor of 8223904 and 308098.
746
Calculate the greatest common factor of 119810340 and 780.
780
What is the highest common divisor of 392 and 32647083?
49
Calculate the greatest common factor of 171339831 and 351.
117
Calculate the highest common divisor of 1237938 and 13452.
354
What is the highest common factor of 7098652 and 16?
4
What is the greatest common divisor of 43588 and 16181404?
2564
What is the greatest common factor of 81078255 and 90?
45
What is the highest common factor of 530669050 and 475?
475
Calculate the highest common divisor of 8105699 and 47201.
4291
What is the highest common factor of 140028915 and 689?
689
What is the greatest common factor of 12830 and 300222?
2566
Calculate the highest common factor of 7 and 727198339.
7
Calculate the greatest common factor of 9852214 and 136.
34
What is the greatest common factor of 360 and 10792660?
20
Calculate the hig